 is the units digit of r?
0
Suppose -1318 = -4*m + 62. Suppose -m + 111 = -6*l. What is the units digit of l?
9
Suppose -z - 5*x = 20, 3*z + x - 10 = -0*x. Suppose 3*d - 2*j - 150 = -0*d, z*d = j + 243. What is the tens digit of d?
4
Let a = 58 + 42. Suppose 4*z = 4*s - a, 2*s - 3*z = -0*z + 54. Suppose 0 = -3*t + 3*w + s - 0, 2*w = t - 3. What is the units digit of t?
1
Let i = -33 + 33. Suppose 0 = o - i - 2. What is the units digit of o?
2
Suppose -3*p = -6*p - 243. Let q = 17 - p. What is the units digit of q?
8
Let v(k) = -k**2 - 5*k + 11. Let x be v(-6). Suppose 0 = -3*m - 5*u + 750, -551 = -x*m - u + 699. What is the tens digit of m?
5
Let g(s) = 9*s**2 + 14*s - 4. What is the hundreds digit of g(-5)?
1
Let m(v) be the third derivative of -v**4/4 - 2*v**3 + 286*v**2. Suppose -6 = 5*z - 1, 2*c + z = -23. What is the tens digit of m(c)?
5
Let h(a) = a**2 + 10*a + 18. Let d be h(-8). Suppose -3*p - 3*y = -39, -7*p + 2*p - d*y + 71 = 0. What is the units digit of p?
5
Suppose 6601 - 2038 = 13*i. What is the tens digit of i?
5
Suppose -5*g + 10678 = -7*x, 0*x = -g - 3*x + 2118. What is the units digit of g?
0
Let u be (-2)/9 - 38/(-9). Suppose s + 87 = u*n, -4*n - s - s + 78 = 0. What is the tens digit of n?
2
Let y = 24 + -12. Suppose 3*t + t = y. Suppose -t*w = -10 + 1. What is the units digit of w?
3
What is the units digit of (-5628)/(-16) - ((-63)/12 + 5)?
2
Let u(a) = a**3 + 48*a**2 + 10*a + 1. What is the units digit of u(-9)?
0
Let m(z) = 8*z**3 + 3*z**2 - 42*z + 4. What is the units digit of m(7)?
1
Let z(t) = 11*t**2 - 13*t + 169. What is the tens digit of z(19)?
9
Let i(u) be the second derivative of 3*u**4/4 - u**3/2 + 3*u**2 - 11*u. Let p be i(4). Suppose -p = -8*z + 6*z. What is the tens digit of z?
6
Let k(t) = t**3 - t**2 - 5*t + 6. Let v be k(3). Suppose v*u - 763 = 2*u. What is the units digit of u?
9
What is the tens digit of (-9)/(-27)*-3*-2209?
0
Let v(w) = -w**3 - w**2 - w - 1. Let f be (0 - 2) + (-5 - -4). What is the units digit of v(f)?
0
Suppose 2 = 2*y - 3*z + 1, -4*z = -3*y + 2. What is the units digit of (-5)/y*284/(-10)?
1
Let s(l) be the second derivative of l**4/8 + 2*l**3/3 + 3*l**2/2 - 4*l. Let j(f) be the first derivative of s(f). What is the tens digit of j(3)?
1
Let b(j) = 2*j**2 - 21*j - 8. Let f be b(12). Let a = 69 + f. What is the tens digit of a?
9
Let g = 42 + -42. Suppose 2*k + 4*o + 16 = 0, g = 2*k + 2*k + 2*o + 8. Suppose 0 = -k*v + 3*v - 165. What is the units digit of v?
5
Suppose -z + 4*j + 2234 = 0, 0*z + 4*z = 2*j + 8922. What is the hundreds digit of z?
2
Suppose 0*u + 16 = 4*u, -2*k + 308 = -4*u. What is the hundreds digit of k?
1
What is the units digit of (-6)/7 - (-148256)/224?
1
Let o = -721 + 1333. Suppose 9*n - o = 3*n. What is the hundreds digit of n?
1
Suppose 19*f - 684 = 1482. What is the hundreds digit of f?
1
Let z(b) = -b**2 - 5*b - 2. Let m be z(-5). Let n be (1 - (m - -3)) + 1. Let k = n + 2. What is the units digit of k?
3
Let z = -42 - -44. Suppose z*j + 116 = 4*j. What is the units digit of j?
8
Suppose 12 = -3*r, 883 = z - 5*r - 326. What is the tens digit of z?
8
Suppose 3*z = -2*m + 1936 - 102, 3*z = 5*m + 1862. What is the tens digit of z?
1
Suppose 559 = m + 159. Suppose -14*z = -9*z - m. What is the tens digit of z?
8
Suppose 4*z - 4583 = 9857. What is the thousands digit of z?
3
Let s be (-6)/14 - (-34)/14. Let a = s - -3. Suppose -3*x + 20 = 4*l, 3*x + a*l = -0*l + 22. What is the units digit of x?
4
Suppose -t + 3*g + 7 = 0, -3*t + 9 + 7 = -4*g. Suppose -t*h - 1 + 17 = 0. Suppose -c - 3 = -z + 4*c, -h*c + 102 = 5*z. What is the tens digit of z?
1
Let t = 961 + -498. What is the hundreds digit of t?
4
Let g(a) = 4*a**3 + 5*a**2 + 3*a + 7. What is the units digit of g(5)?
7
Let w(t) = 2*t**3 + 7*t**2 - 24*t + 21. What is the hundreds digit of w(5)?
3
Let g = 1617 - 1093. What is the hundreds digit of g?
5
What is the hundreds digit of 174 + (-8 - (-24)/8)?
1
Let k = -23 + 25. Let t(s) = 5*s**k - s + 0 - 4 + 4*s + 0. What is the tens digit of t(-3)?
3
Let v be (180/(-14))/(-3) + 4/(-14). Let p = 4 + v. What is the units digit of p?
8
Let a(w) = -31*w**3 + 4*w**2 - w - 4. Let q be a(-2). Let r = -25 + q. What is the hundreds digit of r?
2
What is the tens digit of (3 + -4)*1250*-1?
5
Let v be 16/(-6)*(-6)/4. What is the units digit of 23*6*v/6?
2
Let s = 441 - 93. What is the tens digit of s?
4
Let w(f) = -f**3 - f**2 + f + 1. Let q be w(-2). Suppose i - q*i - 5*r = -28, 4*i = -4*r + 68. What is the units digit of i?
9
Let p = -33 + 54. Suppose 5*g + p = 1. Let b = g - -10. What is the units digit of b?
6
Let n(x) = 4*x**2 + 3*x - 2. Let p = -100 - -95. What is the units digit of n(p)?
3
Let i(x) = -9*x**2 - 7. Let b(l) = -19*l**2 + l - 15. Let z be -3 - -5 - (-3 + -1). Let n(m) = z*b(m) - 13*i(m). What is the units digit of n(-4)?
5
Let w be -3 - (-2 + (-3 - -16))*-1. Suppose 5*z - 57 - w = 0. What is the tens digit of z?
1
Let w(m) be the second derivative of 3*m - m**2 + 0 + 17/3*m**3. What is the tens digit of w(1)?
3
Suppose 100 = 7*h - 33. What is the units digit of h?
9
Let z(q) = 14*q + 32. Let c(w) = 5*w + 11. Let s(n) = 8*c(n) - 3*z(n). What is the tens digit of s(-9)?
1
Let j = 283 - 110. What is the hundreds digit of j?
1
Suppose -5*t - 3*g = 28693, -3*t + g = 3*g + 17216. What is the hundreds digit of ((-28)/(-77))/2 + t/(-22)?
2
Suppose -4*l = -5*d - 7*l + 59, -5*d + 5*l + 35 = 0. What is the tens digit of (0 + 20)*15/d?
3
Let b be (-1 - 0)/(-3 + (-190)/(-63)). Let l = -51 - b. What is the units digit of l?
2
Let a = 180 - 29. What is the hundreds digit of a?
1
Let z be (-2 + 1 - 1) + 6. Let h(s) = -8*s**2 + 2 - 4 + z - s**2 - s**3 + 9*s. What is the units digit of h(-10)?
2
Let c be -3 + (-36)/(-14) - (-846)/14. Let k = 120 - c. What is the units digit of k?
0
Let r(t) = 8*t**2 + 6*t - 66. What is the hundreds digit of r(16)?
0
Suppose -26*j + 14437 = -30153. What is the thousands digit of j?
1
Let v be (-5)/(20/6)*16/(-6). Suppose -2*t = -0*c + 3*c - 69, c + v*t = 23. What is the tens digit of c?
2
Let j(w) be the third derivative of -w**6/120 - w**5/10 + 19*w**4/24 + 8*w**3/3 - 25*w**2. What is the units digit of j(-9)?
8
Let u be (-15)/60 + 146/8. Suppose -12 = -x - 3*x. Suppose -3*i + u = -x*b + 4*b, 2*i + 87 = 3*b. What is the units digit of b?
7
Let m be (-2)/(-11) + 872/44. Let a be ((-6)/(-4) - 0)*8. Suppose -k = -2*d - a, -2*k = -0*d - 3*d - m. What is the units digit of k?
4
Suppose 22*y - 16550 = 6968. What is the hundreds digit of y?
0
Let d = 2972 - 856. What is the hundreds digit of d?
1
Let l(w) = -3*w**2 + 7*w**2 - 5 + 6 - 2*w. Let d be l(1). Suppose -d*m + 16 = m. What is the units digit of m?
4
Let x(h) = 10*h + 8. Let l be x(-1). Let u(p) = -68*p - 3. What is the units digit of u(l)?
3
Let g be (2/6)/(3/27). Suppose -g*w + 65 = -52. Suppose -w = 7*c - 10*c. What is the units digit of c?
3
Suppose 0 = -4*w + 4*t + 180, -w + 82 = 4*t + 12. What is the units digit of w?
0
Suppose 1989 = 4*r - k, -3*r + 3*k - 4*k + 1483 = 0. What is the hundreds digit of r?
4
Suppose 2*s - 23 = 5*t, -5 = -4*t - t. Suppose g - 22 = s. What is the units digit of g?
6
Let c = 221 - -917. What is the thousands digit of c?
1
Let y(g) = -g**2 + 33*g + 2. Let i be y(14). Suppose 7*n = 9*n - i. What is the units digit of n?
4
Let q(t) = -t**3 - t**2 + 5*t. Let v be q(3). What is the tens digit of 1 + 371/3 + 14/v?
2
Suppose 238 = 5*m - 847. Suppose q + m = 2*t, 0*t - 3*q - 96 = -t. What is the units digit of t?
1
Let s = 208 + 6. What is the units digit of s?
4
Suppose 205 = 4*z - 30*y + 27*y, -y + 280 = 5*z. Suppose 4*i - 109 = 43. Let w = z - i. What is the units digit of w?
7
Let k = 135 + -119. Let g = -16 - -4. Let s = g + k. What is the units digit of s?
4
Let q(m) = 2*m + 13. Let l be q(-11). Let r be -3 + (-3 - l) + -1. Suppose r*j + 5*y - 112 = 0, j = -3*j - 5*y + 204. What is the tens digit of j?
4
Suppose -6*v + 4*v + 4*y + 3508 = 0, -2*v = 5*y - 3553. What is the thousands digit of v?
1
Suppose -4*j - 10 = -9*j. Suppose j*w = -w - g + 8, -2*g + 4 = 0. Let t = 25 + w. What is the units digit of t?
7
Let y(h) = -h**3 - 10*h**2 - 2*h - 15. Let z be y(-10). Let k be (-3)/z + (-5328)/45. What is the units digit of 2/7 - 5678/k?
8
Suppose -10*v = 7*v 